{"id":10,"date":"2020-07-10T09:57:04","date_gmt":"2020-07-10T07:57:04","guid":{"rendered":"http:\/\/magazin.jacorprojekt.de\/?page_id=10"},"modified":"2026-01-21T10:34:58","modified_gmt":"2026-01-21T09:34:58","slug":"startseite","status":"publish","type":"page","link":"https:\/\/single.infranken.de\/magazin\/","title":{"rendered":"Startseite"},"content":{"rendered":"<div class=\"wpb-content-wrapper\"><p>[vc_row][vc_column el_class=&#8221;custombloglist&#8221; width=&#8221;2\/3&#8243;][vc_raw_html el_class=&#8221;displaymobile blocktop&#8221;]JTNDaDIlM0VTSU5HTEVTJTIwSU4lMjBGUkFOS0VOJTNDJTJGaDIlM0UlMEElM0NhJTIwY2xhc3MlM0QlMjJidG4lMjBidG4tcHJpbWFyeSUyMGJ0bi1ibG9jayUyMGJ0bi1hYjYwJTIyJTIwaHJlZiUzRCUyMmh0dHBzJTNBJTJGJTJGc2luZ2xlLmluZnJhbmtlbi5kZSUzRkFJRCUzRHNpbmdsZS1tYWdhemluLXdpZGdldCUyMiUyMHRhcmdldCUzRCUyMl9ibGFuayUyMiUzRUpldHp0JTIwU2luZ2xlcyUyMGZpbmRlbiUzQyUyRmElM0U=[\/vc_raw_html]<div class=\"latest-blog vertical clearfix\"><div class=\"latest-blog-list  clearfix wpb_content_element\">\n\t\t\t\t\t\t\t<div class=\"blog-list-item-thumb\"><a href=\"https:\/\/single.infranken.de\/magazin\/liebe\/mikro-romantik-beim-online-dating-wie-kleine-gesten-echte-naehe-schaffen-und-deine-partnersuche-bereichern\/\" title=\"Mikro-Romantik beim Online-Dating: Wie kleine Gesten echte N\u00e4he schaffen und deine Partnersuche bereichern\"><img decoding=\"async\" src=\"https:\/\/single.infranken.de\/magazin\/wp-content\/uploads\/2026\/03\/Mikro-Romantik-beim-Online-Dating-Wie-kleine-Gesten-echte-Naehe-schaffen-und-deine-Partnersuche-bereichern.png\" alt=\"Mikro-Romantik beim Online-Dating: Wie kleine Gesten echte N\u00e4he schaffen und deine Partnersuche bereichern\" \/><\/a><\/div>\n\t\t\t\t\t\t  \t<div class=\"blog-list-item-description\">\n\t\t\t\t\t\t\t\t<h3><a href=\"https:\/\/single.infranken.de\/magazin\/liebe\/mikro-romantik-beim-online-dating-wie-kleine-gesten-echte-naehe-schaffen-und-deine-partnersuche-bereichern\/\" title=\"Mikro-Romantik beim Online-Dating: Wie kleine Gesten echte N\u00e4he schaffen und deine Partnersuche bereichern\">Mikro-Romantik beim Online-Dating: Wie kleine Gesten echte N\u00e4he schaffen und deine Partnersuche bereichern<\/a><\/h3>\n\t\t\t\t\t\t\t  \t<div class=\"blog-list-item-excerpt\">Der Alltag ist oft vollgepackt. Zwischen Arbeit, Verpflichtungen und Terminen bleibt wenig Zeit f\u00fcr gro\u00dfe romantische Aktionen. Gerade wenn du auf der Suche nach einer.. <a href=\"https:\/\/single.infranken.de\/magazin\/liebe\/mikro-romantik-beim-online-dating-wie-kleine-gesten-echte-naehe-schaffen-und-deine-partnersuche-bereichern\/\">Weiterlesen<\/a><\/div>\n\t\t\t\t\t\t\t<\/div>\n\t\t\t\t\t  \t<\/div><div class=\"latest-blog-list  clearfix wpb_content_element\">\n\t\t\t\t\t\t\t<div class=\"blog-list-item-thumb\"><a href=\"https:\/\/single.infranken.de\/magazin\/liebe\/alle-sexualitaeten-und-geschlechtsidentitaeten\/\" title=\"Alle Sexualit\u00e4ten und Geschlechtsidentit\u00e4ten: Unterschiede verstehen und Vielfalt anerkennen\"><img decoding=\"async\" src=\"https:\/\/single.infranken.de\/magazin\/wp-content\/uploads\/2026\/03\/pexels-mccutcheon-3738055-1.jpg\" alt=\"Alle Sexualit\u00e4ten und Geschlechtsidentit\u00e4ten: Unterschiede verstehen und Vielfalt anerkennen\" \/><\/a><\/div>\n\t\t\t\t\t\t  \t<div class=\"blog-list-item-description\">\n\t\t\t\t\t\t\t\t<h3><a href=\"https:\/\/single.infranken.de\/magazin\/liebe\/alle-sexualitaeten-und-geschlechtsidentitaeten\/\" title=\"Alle Sexualit\u00e4ten und Geschlechtsidentit\u00e4ten: Unterschiede verstehen und Vielfalt anerkennen\">Alle Sexualit\u00e4ten und Geschlechtsidentit\u00e4ten: Unterschiede verstehen und Vielfalt anerkennen<\/a><\/h3>\n\t\t\t\t\t\t\t  \t<div class=\"blog-list-item-excerpt\">Sexualit\u00e4t und Geschlechtsidentit\u00e4t sind zwei Begriffe, die oft gemeinsam genannt werden, aber verschiedene Bereiche der menschlichen Pers\u00f6nlichkeit beschreiben. W\u00e4hrend Sexualit\u00e4t aussagt, zu wem du dich.. <a href=\"https:\/\/single.infranken.de\/magazin\/liebe\/alle-sexualitaeten-und-geschlechtsidentitaeten\/\">Weiterlesen<\/a><\/div>\n\t\t\t\t\t\t\t<\/div>\n\t\t\t\t\t  \t<\/div><div class=\"latest-blog-list  clearfix wpb_content_element\">\n\t\t\t\t\t\t\t<div class=\"blog-list-item-thumb\"><a href=\"https:\/\/single.infranken.de\/magazin\/liebe\/der-traum-von-der-wahren-liebe-so-wird-er-wahr\/\" title=\"Der Traum von der wahren Liebe: So wird er wahr!\"><img decoding=\"async\" src=\"https:\/\/single.infranken.de\/magazin\/wp-content\/uploads\/2026\/02\/pexels-edwardeyer-14106978-1.jpg\" alt=\"Der Traum von der wahren Liebe: So wird er wahr!\" \/><\/a><\/div>\n\t\t\t\t\t\t  \t<div class=\"blog-list-item-description\">\n\t\t\t\t\t\t\t\t<h3><a href=\"https:\/\/single.infranken.de\/magazin\/liebe\/der-traum-von-der-wahren-liebe-so-wird-er-wahr\/\" title=\"Der Traum von der wahren Liebe: So wird er wahr!\">Der Traum von der wahren Liebe: So wird er wahr!<\/a><\/h3>\n\t\t\t\t\t\t\t  \t<div class=\"blog-list-item-excerpt\">Man sagt, die wahre Liebe sei wie ein seltener Vogel \u2013 schwer zu finden, leicht zu verscheuchen, aber unvergesslich, wenn sie einmal in unser Leben.. <a href=\"https:\/\/single.infranken.de\/magazin\/liebe\/der-traum-von-der-wahren-liebe-so-wird-er-wahr\/\">Weiterlesen<\/a><\/div>\n\t\t\t\t\t\t\t<\/div>\n\t\t\t\t\t  \t<\/div><div class=\"latest-blog-list  clearfix wpb_content_element\">\n\t\t\t\t\t\t\t<div class=\"blog-list-item-thumb\"><a href=\"https:\/\/single.infranken.de\/magazin\/dating\/mit-diesen-7-tipps-vergeht-die-angst-vor-einem-date\/\" title=\"Mit diesen 7 Tipps vergeht die Angst vor einem Date\"><img decoding=\"async\" src=\"https:\/\/single.infranken.de\/magazin\/wp-content\/uploads\/2026\/02\/pexels-cottonbro-4255394-1.jpg\" alt=\"Mit diesen 7 Tipps vergeht die Angst vor einem Date\" \/><\/a><\/div>\n\t\t\t\t\t\t  \t<div class=\"blog-list-item-description\">\n\t\t\t\t\t\t\t\t<h3><a href=\"https:\/\/single.infranken.de\/magazin\/dating\/mit-diesen-7-tipps-vergeht-die-angst-vor-einem-date\/\" title=\"Mit diesen 7 Tipps vergeht die Angst vor einem Date\">Mit diesen 7 Tipps vergeht die Angst vor einem Date<\/a><\/h3>\n\t\t\t\t\t\t\t  \t<div class=\"blog-list-item-excerpt\">Ein Date bedeutet, sich zu \u00f6ffnen und auf eine neue Person einzulassen. Gerade, wenn der Wunsch nach einer festen Partnerschaft im Vordergrund steht. Dann\u00a0steigt der.. <a href=\"https:\/\/single.infranken.de\/magazin\/dating\/mit-diesen-7-tipps-vergeht-die-angst-vor-einem-date\/\">Weiterlesen<\/a><\/div>\n\t\t\t\t\t\t\t<\/div>\n\t\t\t\t\t  \t<\/div><div class=\"latest-blog-list  clearfix wpb_content_element\">\n\t\t\t\t\t\t\t<div class=\"blog-list-item-thumb\"><a href=\"https:\/\/single.infranken.de\/magazin\/liebe\/5-der-schoensten-liebesgedichte-fuer-besondere-anlaesse\/\" title=\"5 der sch\u00f6nsten Liebesgedichte f\u00fcr besondere Anl\u00e4sse\"><img decoding=\"async\" src=\"https:\/\/single.infranken.de\/magazin\/wp-content\/uploads\/2026\/02\/pexels-pixabay-220316-1.jpg\" alt=\"5 der sch\u00f6nsten Liebesgedichte f\u00fcr besondere Anl\u00e4sse\" \/><\/a><\/div>\n\t\t\t\t\t\t  \t<div class=\"blog-list-item-description\">\n\t\t\t\t\t\t\t\t<h3><a href=\"https:\/\/single.infranken.de\/magazin\/liebe\/5-der-schoensten-liebesgedichte-fuer-besondere-anlaesse\/\" title=\"5 der sch\u00f6nsten Liebesgedichte f\u00fcr besondere Anl\u00e4sse\">5 der sch\u00f6nsten Liebesgedichte f\u00fcr besondere Anl\u00e4sse<\/a><\/h3>\n\t\t\t\t\t\t\t  \t<div class=\"blog-list-item-excerpt\">Liebesgedichte sind zeitlose Begleiter menschlicher Gef\u00fchle. Sie fassen Sehnsucht, Zuneigung und Hingabe in Worte, die \u00fcber Generationen hinweg ber\u00fchren. Besonders klassische Gedichte haben bis heute.. <a href=\"https:\/\/single.infranken.de\/magazin\/liebe\/5-der-schoensten-liebesgedichte-fuer-besondere-anlaesse\/\">Weiterlesen<\/a><\/div>\n\t\t\t\t\t\t\t<\/div>\n\t\t\t\t\t  \t<\/div><div class=\"latest-blog-list  clearfix wpb_content_element\">\n\t\t\t\t\t\t\t<div class=\"blog-list-item-thumb\"><a href=\"https:\/\/single.infranken.de\/magazin\/beziehung\/offene-beziehung\/\" title=\"Offene Beziehung: Kann dieses Beziehungsmodel funktionieren?\"><img decoding=\"async\" src=\"https:\/\/single.infranken.de\/magazin\/wp-content\/uploads\/2021\/10\/pexels-cottonbro-4980560.jpg\" alt=\"Offene Beziehung: Kann dieses Beziehungsmodel funktionieren?\" \/><\/a><\/div>\n\t\t\t\t\t\t  \t<div class=\"blog-list-item-description\">\n\t\t\t\t\t\t\t\t<h3><a href=\"https:\/\/single.infranken.de\/magazin\/beziehung\/offene-beziehung\/\" title=\"Offene Beziehung: Kann dieses Beziehungsmodel funktionieren?\">Offene Beziehung: Kann dieses Beziehungsmodel funktionieren?<\/a><\/h3>\n\t\t\t\t\t\t\t  \t<div class=\"blog-list-item-excerpt\">Immer \u00f6fter wird die offene Beziehung zum Gespr\u00e4chsthema unter Freunden. Man k\u00f6nnte fast den Eindruck haben, dass sich der Trend langsam zur Polyamorie hinwendet, also.. <a href=\"https:\/\/single.infranken.de\/magazin\/beziehung\/offene-beziehung\/\">Weiterlesen<\/a><\/div>\n\t\t\t\t\t\t\t<\/div>\n\t\t\t\t\t  \t<\/div><\/div>[\/vc_column][vc_column width=&#8221;1\/3&#8243;][vc_widget_sidebar sidebar_id=&#8221;blog-widgets&#8221;][\/vc_column][\/vc_row]<\/p>\n<\/div>","protected":false},"excerpt":{"rendered":"<p>[vc_row][vc_column el_class=&#8221;custombloglist&#8221; width=&#8221;2\/3&#8243;][vc_raw_html el_class=&#8221;displaymobile blocktop&#8221;]JTNDaDIlM0VTSU5HTEVTJTIwSU4lMjBGUkFOS0VOJTNDJTJGaDIlM0UlMEElM0NhJTIwY2xhc3MlM0QlMjJidG4lMjBidG4tcHJpbWFyeSUyMGJ0bi1ibG9jayUyMGJ0bi1hYjYwJTIyJTIwaHJlZiUzRCUyMmh0dHBzJTNBJTJGJTJGc2luZ2xlLmluZnJhbmtlbi5kZSUzRkFJRCUzRHNpbmdsZS1tYWdhemluLXdpZGdldCUyMiUyMHRhcmdldCUzRCUyMl9ibGFuayUyMiUzRUpldHp0JTIwU2luZ2xlcyUyMGZpbmRlbiUzQyUyRmElM0U=[\/vc_raw_html][\/vc_column][vc_column width=&#8221;1\/3&#8243;][vc_widget_sidebar sidebar_id=&#8221;blog-widgets&#8221;][\/vc_column][\/vc_row]<\/p>\n","protected":false},"author":1,"featured_media":0,"parent":0,"menu_order":0,"comment_status":"closed","ping_status":"closed","template":"","meta":{"footnotes":""},"class_list":["post-10","page","type-page","status-publish","hentry"],"yoast_head":"<!-- This site is optimized with the Yoast SEO plugin v27.4 - https:\/\/yoast.com\/product\/yoast-seo-wordpress\/ -->\n<title>Magazin f\u00fcr single.inFranken | Die Singleb\u00f6rse f\u00fcr Franken<\/title>\n<meta name=\"description\" content=\"Partnersuche in Franken: Mehr als 50.000 Singles aus Franken \u2713 Datingportal \u2713 Seri\u00f6se Singleb\u00f6rse \u2713 Hier kostenlos das Magazin lesen \u2764\ufe0f\" \/>\n<meta name=\"robots\" content=\"index, follow, max-snippet:-1, max-image-preview:large, max-video-preview:-1\" \/>\n<link rel=\"canonical\" href=\"https:\/\/single.infranken.de\/magazin\/\" \/>\n<meta property=\"og:locale\" content=\"de_DE\" \/>\n<meta property=\"og:type\" content=\"article\" \/>\n<meta property=\"og:title\" content=\"Magazin f\u00fcr single.inFranken | Die Singleb\u00f6rse f\u00fcr Franken\" \/>\n<meta property=\"og:description\" content=\"Partnersuche in Franken: Mehr als 50.000 Singles aus Franken \u2713 Datingportal \u2713 Seri\u00f6se Singleb\u00f6rse \u2713 Hier kostenlos das Magazin lesen \u2764\ufe0f\" \/>\n<meta property=\"og:url\" content=\"https:\/\/single.infranken.de\/magazin\/\" \/>\n<meta property=\"og:site_name\" content=\"Single in Franken | Magazin\" \/>\n<meta property=\"article:modified_time\" content=\"2026-01-21T09:34:58+00:00\" \/>\n<meta name=\"twitter:card\" content=\"summary_large_image\" \/>\n<meta name=\"twitter:label1\" content=\"Gesch\u00e4tzte Lesezeit\" \/>\n\t<meta name=\"twitter:data1\" content=\"1\u00a0Minute\" \/>\n<!-- \/ Yoast SEO plugin. -->","yoast_head_json":{"title":"Magazin f\u00fcr single.inFranken | Die Singleb\u00f6rse f\u00fcr Franken","description":"Partnersuche in Franken: Mehr als 50.000 Singles aus Franken \u2713 Datingportal \u2713 Seri\u00f6se Singleb\u00f6rse \u2713 Hier kostenlos das Magazin lesen \u2764\ufe0f","robots":{"index":"index","follow":"follow","max-snippet":"max-snippet:-1","max-image-preview":"max-image-preview:large","max-video-preview":"max-video-preview:-1"},"canonical":"https:\/\/single.infranken.de\/magazin\/","og_locale":"de_DE","og_type":"article","og_title":"Magazin f\u00fcr single.inFranken | Die Singleb\u00f6rse f\u00fcr Franken","og_description":"Partnersuche in Franken: Mehr als 50.000 Singles aus Franken \u2713 Datingportal \u2713 Seri\u00f6se Singleb\u00f6rse \u2713 Hier kostenlos das Magazin lesen \u2764\ufe0f","og_url":"https:\/\/single.infranken.de\/magazin\/","og_site_name":"Single in Franken | Magazin","article_modified_time":"2026-01-21T09:34:58+00:00","twitter_card":"summary_large_image","twitter_misc":{"Gesch\u00e4tzte Lesezeit":"1\u00a0Minute"},"schema":{"@context":"https:\/\/schema.org","@graph":[{"@type":"WebPage","@id":"https:\/\/single.infranken.de\/magazin\/","url":"https:\/\/single.infranken.de\/magazin\/","name":"Magazin f\u00fcr single.inFranken | Die Singleb\u00f6rse f\u00fcr Franken","isPartOf":{"@id":"https:\/\/single.infranken.de\/magazin\/#website"},"datePublished":"2020-07-10T07:57:04+00:00","dateModified":"2026-01-21T09:34:58+00:00","description":"Partnersuche in Franken: Mehr als 50.000 Singles aus Franken \u2713 Datingportal \u2713 Seri\u00f6se Singleb\u00f6rse \u2713 Hier kostenlos das Magazin lesen \u2764\ufe0f","breadcrumb":{"@id":"https:\/\/single.infranken.de\/magazin\/#breadcrumb"},"inLanguage":"de","potentialAction":[{"@type":"ReadAction","target":["https:\/\/single.infranken.de\/magazin\/"]}]},{"@type":"BreadcrumbList","@id":"https:\/\/single.infranken.de\/magazin\/#breadcrumb","itemListElement":[{"@type":"ListItem","position":1,"name":"Startseite","item":"https:\/\/single.infranken.de\/magazin\/"},{"@type":"ListItem","position":2,"name":"Startseite"}]},{"@type":"WebSite","@id":"https:\/\/single.infranken.de\/magazin\/#website","url":"https:\/\/single.infranken.de\/magazin\/","name":"Single in Franken | Magazin","description":"","potentialAction":[{"@type":"SearchAction","target":{"@type":"EntryPoint","urlTemplate":"https:\/\/single.infranken.de\/magazin\/?s={search_term_string}"},"query-input":{"@type":"PropertyValueSpecification","valueRequired":true,"valueName":"search_term_string"}}],"inLanguage":"de"}]}},"_links":{"self":[{"href":"https:\/\/single.infranken.de\/magazin\/wp-json\/wp\/v2\/pages\/10","targetHints":{"allow":["GET"]}}],"collection":[{"href":"https:\/\/single.infranken.de\/magazin\/wp-json\/wp\/v2\/pages"}],"about":[{"href":"https:\/\/single.infranken.de\/magazin\/wp-json\/wp\/v2\/types\/page"}],"author":[{"embeddable":true,"href":"https:\/\/single.infranken.de\/magazin\/wp-json\/wp\/v2\/users\/1"}],"replies":[{"embeddable":true,"href":"https:\/\/single.infranken.de\/magazin\/wp-json\/wp\/v2\/comments?post=10"}],"version-history":[{"count":11,"href":"https:\/\/single.infranken.de\/magazin\/wp-json\/wp\/v2\/pages\/10\/revisions"}],"predecessor-version":[{"id":663,"href":"https:\/\/single.infranken.de\/magazin\/wp-json\/wp\/v2\/pages\/10\/revisions\/663"}],"wp:attachment":[{"href":"https:\/\/single.infranken.de\/magazin\/wp-json\/wp\/v2\/media?parent=10"}],"curies":[{"name":"wp","href":"https:\/\/api.w.org\/{rel}","templated":true}]}}